{"id":641,"date":"2021-10-08T16:02:29","date_gmt":"2021-10-08T14:02:29","guid":{"rendered":"https:\/\/www.bivouactrek.fr\/public_html\/?post_type=tribe_events&#038;p=641"},"modified":"2025-10-27T10:08:45","modified_gmt":"2025-10-27T09:08:45","slug":"canaries-tenerife-3","status":"publish","type":"tribe_events","link":"https:\/\/www.bivouactrek.fr\/public_html\/calendrier\/canaries-tenerife-3\/","title":{"rendered":"Canaries &#8211; Tenerife"},"content":{"rendered":"<div  class=\"tribe-events-schedule tribe-clearfix\" >\n\t<h2 class=\"tribe-events-schedule__datetime\">\n\t\t<span class=\"tribe-events-schedule__date tribe-events-schedule__date--start\">\n\t\t\tmai 10\t\t<\/span>\n\n\t\t\n\t\t\t\t\t\t\t\t\t<span class=\"tribe-events-schedule__separator tribe-events-schedule__separator--time\">\n\t\t\t\t\t &#8211; \t\t\t\t<\/span>\n\t\t\t\n\t\t\t\t\t\t\t<span class=\"tribe-events-schedule__date tribe-events-schedule__date--end\">\n\t\t\t\t\tmai 16\t\t\t\t<\/span>\n\n\t\t\t\t\n\t\t\t\n\t\t\t\t\t\t<\/h2>\n<\/div>\n\n\n<p>\n<!--StartFragment--><\/p>\n\n\n<p>Un voyage randonn\u00e9es et d\u00e9couverte d&rsquo;une \u00eele aux multiples facettes entre v\u00e9g\u00e9tation luxuriante et volcan d\u00e9sertique. <\/p>\n\n\n\n<p>Ascension du point culminant de l&rsquo;Espagne, le volcan El Teide \u00e0 3718m d&rsquo;altitude.<\/p>\n\n\n\n<p>Des repas et des h\u00e9bergements typiquement canariens, des transferts pour profiter pleinement des centres d&rsquo;int\u00e9r\u00eats de l&rsquo;\u00eele entre oc\u00e9an et montagnes.<\/p>\n\n\n<div  class=\"tribe-block tribe-block__event-price\" >\n\t\t\t<span class=\"tribe-block__event-price__cost\"> \u20ac1000 <\/span>\n\t\t<\/div>\n\n\n<p><!--EndFragment--><\/p>\n<\/p>\n\n<div  class=\"tribe-block tribe-block__event-price\" >\n\t\t\t<span class=\"tribe-block__event-price__cost\"> \u20ac1000 <\/span>\n\t\t<\/div>\n\n\n\n\n<div  class=\"tribe-block tribe-block__venue tribe-clearfix\" >\n\t\n\t\t\n\t<\/div>\n\n\n\n\n\t<div  class=\"tribe-block tribe-block__events-link\" >\n\t\t<div class=\"tribe-events tribe-common\">\n\t\t\t<div class=\"tribe-events-c-subscribe-dropdown__container\">\n\t\t\t\t<div class=\"tribe-events-c-subscribe-dropdown\">\n\t\t\t\t\t<div class=\"tribe-common-c-btn-border tribe-events-c-subscribe-dropdown__button\">\n\t\t\t\t\t\t<svg  class=\"tribe-common-c-svgicon tribe-common-c-svgicon--cal-export tribe-events-c-subscribe-dropdown__export-icon\"  viewBox=\"0 0 23 17\" xmlns=\"http:\/\/www.w3.org\/2000\/svg\">\n  <path fill-rule=\"evenodd\" clip-rule=\"evenodd\" d=\"M.128.896V16.13c0 .211.145.383.323.383h15.354c.179 0 .323-.172.323-.383V.896c0-.212-.144-.383-.323-.383H.451C.273.513.128.684.128.896Zm16 6.742h-.901V4.679H1.009v10.729h14.218v-3.336h.901V7.638ZM1.01 1.614h14.218v2.058H1.009V1.614Z\" \/>\n  <path d=\"M20.5 9.846H8.312M18.524 6.953l2.89 2.909-2.855 2.855\" stroke-width=\"1.2\" stroke-linecap=\"round\" stroke-linejoin=\"round\"\/>\n<\/svg>\n\t\t\t\t\t\t<button\n\t\t\t\t\t\t\tclass=\"tribe-events-c-subscribe-dropdown__button-text\"\n\t\t\t\t\t\t\taria-expanded=\"false\"\n\t\t\t\t\t\t\taria-controls=\"tribe-events-subscribe-dropdown-content\"\n\t\t\t\t\t\t\taria-label=\"\"\n\t\t\t\t\t\t>\n\t\t\t\t\t\t\tAjouter au calendrier\t\t\t\t\t\t<\/button>\n\t\t\t\t\t\t<svg  class=\"tribe-common-c-svgicon tribe-common-c-svgicon--caret-down tribe-events-c-subscribe-dropdown__button-icon\"  viewBox=\"0 0 10 7\" xmlns=\"http:\/\/www.w3.org\/2000\/svg\"><path fill-rule=\"evenodd\" clip-rule=\"evenodd\" d=\"M1.008.609L5 4.6 8.992.61l.958.958L5 6.517.05 1.566l.958-.958z\" class=\"tribe-common-c-svgicon__svg-fill\"\/><\/svg>\n\t\t\t\t\t<\/div>\n\t\t\t\t\t<div id=\"tribe-events-subscribe-dropdown-content\" class=\"tribe-events-c-subscribe-dropdown__content\">\n\t\t\t\t\t\t<ul class=\"tribe-events-c-subscribe-dropdown__list\">\n\t\t\t\t\t\t\t\t\t\t\t\t\t\t\t<li class=\"tribe-events-c-subscribe-dropdown__list-item\">\n\t\t\t\t\t\t\t\t\t<a\n\t\t\t\t\t\t\t\t\t\thref=\"https:\/\/www.google.com\/calendar\/event?action=TEMPLATE&#038;dates=20260510T000000\/20260516T235959&#038;text=Canaries%20%26%238211%3B%20Tenerife&#038;details=%3C%21--+wp%3Atribe%2Fevent-datetime+%2F--%3E%3Cp%3E%3C%21--StartFragment--%3E%3C%2Fp%3E%3C%21--+wp%3Aparagraph+%7B%22placeholder%22%3A%22Ajouter+une+description...%22%7D+--%3E%3Cp%3EUn+voyage+randonn%C3%A9es+et+d%C3%A9couverte+d%27une+%C3%AEle+aux+multiples+facettes+entre+v%C3%A9g%C3%A9tation+luxuriante+et+volcan+d%C3%A9sertique.+%3C%2Fp%3E%3C%21--+%2Fwp%3Aparagraph+--%3E%3C%21--+wp%3Aparagraph+--%3E%3Cp%3EAscension+du+point+culminant+de+l%27Espagne%2C+le+volcan+El+Teide+%C3%A0+3718m+d%27altitude.%3C%2Fp%3E%3C%21--+%2Fwp%3Aparagraph+--%3E%3C%21--+wp%3Aparagraph+--%3E%3Cp%3EDes+repas+et+des+h%C3%A9bergements+typiquement+canariens%2C+des+transferts+pour+profiter+pleinement+des+centres+d%27int%C3%A9r%C3%AAts+de+l%27%C3%AEle+entre+oc%C3%A9an+et+montagnes.%3C%2Fp%3E%3C%21--+%2Fwp%3Aparagraph+--%3E%3C%21--+wp%3Atribe%2Fevent-price+%2F--%3E%3Cp%3E%3C%21--EndFragment--%3E%3C%2Fp%3E%3C%2Fp%3E%3C%21--+wp%3Atribe%2Fevent-price(Voir%20toute%20la%20description%20de%20\u00e9v\u00e8nement%20ici\u00a0:%20https:\/\/www.bivouactrek.fr\/public_html\/calendrier\/canaries-tenerife-3\/)&#038;trp=false&#038;ctz=Europe\/Paris&#038;sprop=website:https:\/\/www.bivouactrek.fr\/public_html\"\n\t\t\t\t\t\t\t\t\t\tclass=\"tribe-events-c-subscribe-dropdown__list-item-link\"\n\t\t\t\t\t\t\t\t\t\ttarget=\"_blank\"\n\t\t\t\t\t\t\t\t\t\trel=\"noopener noreferrer nofollow noindex\"\n\t\t\t\t\t\t\t\t\t>\n\t\t\t\t\t\t\t\t\t\tGoogle Agenda\t\t\t\t\t\t\t\t\t<\/a>\n\t\t\t\t\t\t\t\t<\/li>\n\t\t\t\t\t\t\t\t\t\t\t\t\t\t\t<li class=\"tribe-events-c-subscribe-dropdown__list-item\">\n\t\t\t\t\t\t\t\t\t<a\n\t\t\t\t\t\t\t\t\t\thref=\"\"\n\t\t\t\t\t\t\t\t\t\tclass=\"tribe-events-c-subscribe-dropdown__list-item-link\"\n\t\t\t\t\t\t\t\t\t\ttarget=\"_blank\"\n\t\t\t\t\t\t\t\t\t\trel=\"noopener noreferrer nofollow noindex\"\n\t\t\t\t\t\t\t\t\t>\n\t\t\t\t\t\t\t\t\t\tiCalendar\t\t\t\t\t\t\t\t\t<\/a>\n\t\t\t\t\t\t\t\t<\/li>\n\t\t\t\t\t\t\t\t\t\t\t\t\t\t\t<li class=\"tribe-events-c-subscribe-dropdown__list-item\">\n\t\t\t\t\t\t\t\t\t<a\n\t\t\t\t\t\t\t\t\t\thref=\"\"\n\t\t\t\t\t\t\t\t\t\tclass=\"tribe-events-c-subscribe-dropdown__list-item-link\"\n\t\t\t\t\t\t\t\t\t\ttarget=\"_blank\"\n\t\t\t\t\t\t\t\t\t\trel=\"noopener noreferrer nofollow noindex\"\n\t\t\t\t\t\t\t\t\t>\n\t\t\t\t\t\t\t\t\t\tOutlook 365\t\t\t\t\t\t\t\t\t<\/a>\n\t\t\t\t\t\t\t\t<\/li>\n\t\t\t\t\t\t\t\t\t\t\t\t\t\t\t<li class=\"tribe-events-c-subscribe-dropdown__list-item\">\n\t\t\t\t\t\t\t\t\t<a\n\t\t\t\t\t\t\t\t\t\thref=\"\"\n\t\t\t\t\t\t\t\t\t\tclass=\"tribe-events-c-subscribe-dropdown__list-item-link\"\n\t\t\t\t\t\t\t\t\t\ttarget=\"_blank\"\n\t\t\t\t\t\t\t\t\t\trel=\"noopener noreferrer nofollow noindex\"\n\t\t\t\t\t\t\t\t\t>\n\t\t\t\t\t\t\t\t\t\tOutlook Live\t\t\t\t\t\t\t\t\t<\/a>\n\t\t\t\t\t\t\t\t<\/li>\n\t\t\t\t\t\t\t\t\t\t\t\t\t<\/ul>\n\t\t\t\t\t<\/div>\n\t\t\t\t<\/div>\n\t\t\t<\/div>\n\t\t<\/div>\n\t<\/div>\n\n","protected":false},"excerpt":{"rendered":"<p>Un voyage randonn\u00e9es et d\u00e9couverte d&rsquo;une \u00eele aux multiples facettes entre v\u00e9g\u00e9tation luxuriante et volcan d\u00e9sertique. Ascension du point culminant de l&rsquo;Espagne, le volcan El Teide \u00e0 3718m d&rsquo;altitude. Des repas et des h\u00e9bergements typiquement canariens, des transferts pour profiter pleinement des centres d&rsquo;int\u00e9r\u00eats de l&rsquo;\u00eele entre oc\u00e9an et montagnes.<\/p>\n","protected":false},"author":1,"featured_media":37,"comment_status":"open","ping_status":"closed","template":"","meta":{"_EventAllDay":true,"_EventTimezone":"Europe\/Paris","_EventStartDate":"2026-05-10 00:00:00","_EventEndDate":"2026-05-16 23:59:59","_EventStartDateUTC":"2026-05-09 22:00:00","_EventEndDateUTC":"2026-05-16 21:59:59","_EventShowMap":false,"_EventShowMapLink":false,"_EventURL":"","_EventCost":"1000","_EventCostDescription":"","_EventCurrencySymbol":"\u20ac","_EventCurrencyCode":"","_EventCurrencyPosition":"prefix","_EventDateTimeSeparator":" ","_EventTimeRangeSeparator":" - ","_EventOrganizerID":[],"_EventVenueID":[0],"_OrganizerEmail":"","_OrganizerPhone":"","_OrganizerWebsite":"","_VenueAddress":"","_VenueCity":"","_VenueCountry":"","_VenueProvince":"","_VenueState":"","_VenueZip":"","_VenuePhone":"","_VenueURL":"","_VenueStateProvince":"","_VenueLat":"","_VenueLng":"","_VenueShowMap":false,"_VenueShowMapLink":false,"_tribe_events_status":"","_tribe_events_status_reason":""},"tags":[],"tribe_events_cat":[],"_links":{"self":[{"href":"https:\/\/www.bivouactrek.fr\/public_html\/wp-json\/wp\/v2\/tribe_events\/641"}],"collection":[{"href":"https:\/\/www.bivouactrek.fr\/public_html\/wp-json\/wp\/v2\/tribe_events"}],"about":[{"href":"https:\/\/www.bivouactrek.fr\/public_html\/wp-json\/wp\/v2\/types\/tribe_events"}],"author":[{"embeddable":true,"href":"https:\/\/www.bivouactrek.fr\/public_html\/wp-json\/wp\/v2\/users\/1"}],"replies":[{"embeddable":true,"href":"https:\/\/www.bivouactrek.fr\/public_html\/wp-json\/wp\/v2\/comments?post=641"}],"version-history":[{"count":3,"href":"https:\/\/www.bivouactrek.fr\/public_html\/wp-json\/wp\/v2\/tribe_events\/641\/revisions"}],"predecessor-version":[{"id":824,"href":"https:\/\/www.bivouactrek.fr\/public_html\/wp-json\/wp\/v2\/tribe_events\/641\/revisions\/824"}],"wp:featuredmedia":[{"embeddable":true,"href":"https:\/\/www.bivouactrek.fr\/public_html\/wp-json\/wp\/v2\/media\/37"}],"wp:attachment":[{"href":"https:\/\/www.bivouactrek.fr\/public_html\/wp-json\/wp\/v2\/media?parent=641"}],"wp:term":[{"taxonomy":"post_tag","embeddable":true,"href":"https:\/\/www.bivouactrek.fr\/public_html\/wp-json\/wp\/v2\/tags?post=641"},{"taxonomy":"tribe_events_cat","embeddable":true,"href":"https:\/\/www.bivouactrek.fr\/public_html\/wp-json\/wp\/v2\/tribe_events_cat?post=641"}],"curies":[{"name":"wp","href":"https:\/\/api.w.org\/{rel}","templated":true}]}}

<div  class="tribe-events-schedule tribe-clearfix" >
	<h2 class="tribe-events-schedule__datetime">
		<span class="tribe-events-schedule__date tribe-events-schedule__date--start">
			mai 10		</span>

		
									<span class="tribe-events-schedule__separator tribe-events-schedule__separator--time">
					 &#8211; 				</span>
			
							<span class="tribe-events-schedule__date tribe-events-schedule__date--end">
					mai 16				</span>

				
			
						</h2>
</div>


<p>
<!--StartFragment--></p>


<p>Un voyage randonnées et découverte d&rsquo;une île aux multiples facettes entre végétation luxuriante et volcan désertique. </p>



<p>Ascension du point culminant de l&rsquo;Espagne, le volcan El Teide à 3718m d&rsquo;altitude.</p>



<p>Des repas et des hébergements typiquement canariens, des transferts pour profiter pleinement des centres d&rsquo;intérêts de l&rsquo;île entre océan et montagnes.</p>


<div  class="tribe-block tribe-block__event-price" >
			<span class="tribe-block__event-price__cost"> €1000 </span>
		</div>


<p><!--EndFragment--></p>
</p>

<div  class="tribe-block tribe-block__event-price" >
			<span class="tribe-block__event-price__cost"> €1000 </span>
		</div>




<div  class="tribe-block tribe-block__venue tribe-clearfix" >
	
		
	</div>




	<div  class="tribe-block tribe-block__events-link" >
		<div class="tribe-events tribe-common">
			<div class="tribe-events-c-subscribe-dropdown__container">
				<div class="tribe-events-c-subscribe-dropdown">
					<div class="tribe-common-c-btn-border tribe-events-c-subscribe-dropdown__button">
						<svg  class="tribe-common-c-svgicon tribe-common-c-svgicon--cal-export tribe-events-c-subscribe-dropdown__export-icon"  viewBox="0 0 23 17" xmlns="http://www.w3.org/2000/svg">
  <path fill-rule="evenodd" clip-rule="evenodd" d="M.128.896V16.13c0 .211.145.383.323.383h15.354c.179 0 .323-.172.323-.383V.896c0-.212-.144-.383-.323-.383H.451C.273.513.128.684.128.896Zm16 6.742h-.901V4.679H1.009v10.729h14.218v-3.336h.901V7.638ZM1.01 1.614h14.218v2.058H1.009V1.614Z" />
  <path d="M20.5 9.846H8.312M18.524 6.953l2.89 2.909-2.855 2.855" stroke-width="1.2" stroke-linecap="round" stroke-linejoin="round"/>
</svg>
						<button
							class="tribe-events-c-subscribe-dropdown__button-text"
							aria-expanded="false"
							aria-controls="tribe-events-subscribe-dropdown-content"
							aria-label=""
						>
							Ajouter au calendrier						</button>
						<svg  class="tribe-common-c-svgicon tribe-common-c-svgicon--caret-down tribe-events-c-subscribe-dropdown__button-icon"  viewBox="0 0 10 7" xmlns="http://www.w3.org/2000/svg"><path fill-rule="evenodd" clip-rule="evenodd" d="M1.008.609L5 4.6 8.992.61l.958.958L5 6.517.05 1.566l.958-.958z" class="tribe-common-c-svgicon__svg-fill"/></svg>
					</div>
					<div id="tribe-events-subscribe-dropdown-content" class="tribe-events-c-subscribe-dropdown__content">
						<ul class="tribe-events-c-subscribe-dropdown__list">
															<li class="tribe-events-c-subscribe-dropdown__list-item">
									<a
										href="https://www.google.com/calendar/event?action=TEMPLATE&#038;dates=20260510T000000/20260516T235959&#038;text=Canaries%20%26%238211%3B%20Tenerife&#038;details=%3C%21--+wp%3Atribe%2Fevent-datetime+%2F--%3E%3Cp%3E%3C%21--StartFragment--%3E%3C%2Fp%3E%3C%21--+wp%3Aparagraph+%7B%22placeholder%22%3A%22Ajouter+une+description...%22%7D+--%3E%3Cp%3EUn+voyage+randonn%C3%A9es+et+d%C3%A9couverte+d%27une+%C3%AEle+aux+multiples+facettes+entre+v%C3%A9g%C3%A9tation+luxuriante+et+volcan+d%C3%A9sertique.+%3C%2Fp%3E%3C%21--+%2Fwp%3Aparagraph+--%3E%3C%21--+wp%3Aparagraph+--%3E%3Cp%3EAscension+du+point+culminant+de+l%27Espagne%2C+le+volcan+El+Teide+%C3%A0+3718m+d%27altitude.%3C%2Fp%3E%3C%21--+%2Fwp%3Aparagraph+--%3E%3C%21--+wp%3Aparagraph+--%3E%3Cp%3EDes+repas+et+des+h%C3%A9bergements+typiquement+canariens%2C+des+transferts+pour+profiter+pleinement+des+centres+d%27int%C3%A9r%C3%AAts+de+l%27%C3%AEle+entre+oc%C3%A9an+et+montagnes.%3C%2Fp%3E%3C%21--+%2Fwp%3Aparagraph+--%3E%3C%21--+wp%3Atribe%2Fevent-price+%2F--%3E%3Cp%3E%3C%21--EndFragment--%3E%3C%2Fp%3E%3C%2Fp%3E%3C%21--+wp%3Atribe%2Fevent-price(Voir%20toute%20la%20description%20de%20évènement%20ici :%20https://www.bivouactrek.fr/public_html/calendrier/canaries-tenerife-3/)&#038;trp=false&#038;ctz=Europe/Paris&#038;sprop=website:https://www.bivouactrek.fr/public_html"
										class="tribe-events-c-subscribe-dropdown__list-item-link"
										target="_blank"
										rel="noopener noreferrer nofollow noindex"
									>
										Google Agenda									</a>
								</li>
															<li class="tribe-events-c-subscribe-dropdown__list-item">
									<a
										href=""
										class="tribe-events-c-subscribe-dropdown__list-item-link"
										target="_blank"
										rel="noopener noreferrer nofollow noindex"
									>
										iCalendar									</a>
								</li>
															<li class="tribe-events-c-subscribe-dropdown__list-item">
									<a
										href=""
										class="tribe-events-c-subscribe-dropdown__list-item-link"
										target="_blank"
										rel="noopener noreferrer nofollow noindex"
									>
										Outlook 365									</a>
								</li>
															<li class="tribe-events-c-subscribe-dropdown__list-item">
									<a
										href=""
										class="tribe-events-c-subscribe-dropdown__list-item-link"
										target="_blank"
										rel="noopener noreferrer nofollow noindex"
									>
										Outlook Live									</a>
								</li>
													</ul>
					</div>
				</div>
			</div>
		</div>
	</div>

<p>Un voyage randonnées et découverte d&rsquo;une île aux multiples facettes entre végétation luxuriante et volcan désertique. Ascension du point culminant de l&rsquo;Espagne, le volcan El Teide à 3718m d&rsquo;altitude. Des repas et des hébergements typiquement canariens, des transferts pour profiter pleinement des centres d&rsquo;intérêts de l&rsquo;île entre océan et montagnes.</p>
