{"id":601,"date":"2020-11-23T11:52:32","date_gmt":"2020-11-23T10:52:32","guid":{"rendered":"https:\/\/www.bivouactrek.fr\/public_html\/?post_type=tribe_events&#038;p=601"},"modified":"2024-10-23T13:37:09","modified_gmt":"2024-10-23T11:37:09","slug":"week-end-raquettes-face-au-mont-blanc-2","status":"publish","type":"tribe_events","link":"https:\/\/www.bivouactrek.fr\/public_html\/calendrier\/week-end-raquettes-face-au-mont-blanc-2\/","title":{"rendered":"Week end raquettes face au Mont Blanc"},"content":{"rendered":"<div  class=\"tribe-events-schedule tribe-clearfix\" >\n\t<h2 class=\"tribe-events-schedule__datetime\">\n\t\t<span class=\"tribe-events-schedule__date tribe-events-schedule__date--start\">\n\t\t\tmars 14, 2025\t\t<\/span>\n\n\t\t\n\t\t\t\t\t\t\t\t\t<span class=\"tribe-events-schedule__separator tribe-events-schedule__separator--time\">\n\t\t\t\t\t &#8211; \t\t\t\t<\/span>\n\t\t\t\n\t\t\t\t\t\t\t<span class=\"tribe-events-schedule__date tribe-events-schedule__date--end\">\n\t\t\t\t\tmars 16, 2025\t\t\t\t<\/span>\n\n\t\t\t\t\n\t\t\t\n\t\t\t\t\t\t<\/h2>\n<\/div>\n\n\n\n<p>Deux des plus belles randonn\u00e9es face au Mont Blanc.<\/p>\n\n\n\n<p>H\u00e9bergement en demi-pension. D\u00eener sp\u00e9cialit\u00e9s savoyardes.<\/p>\n\n\n\n<p>Pique-niques r\u00e9gionaux<\/p>\n\n\n\n<p>Pr\u00eat du mat\u00e9riel inclus<\/p>\n\n\n<p><!--EndFragment--><\/p>","protected":false},"excerpt":{"rendered":"<p>Deux des plus belles randonn\u00e9es face au Mont Blanc. H\u00e9bergement en demi-pension. D\u00eener sp\u00e9cialit\u00e9s savoyardes. Pique-niques r\u00e9gionaux Pr\u00eat du mat\u00e9riel inclus<\/p>\n","protected":false},"author":1,"featured_media":596,"comment_status":"closed","ping_status":"closed","template":"","meta":{"_EventAllDay":true,"_EventTimezone":"Europe\/Paris","_EventStartDate":"2025-03-14 00:00:00","_EventEndDate":"2025-03-16 23:59:59","_EventStartDateUTC":"2025-03-13 23:00:00","_EventEndDateUTC":"2025-03-16 22:59:59","_EventShowMap":false,"_EventShowMapLink":false,"_EventURL":"","_EventCost":"180","_EventCostDescription":"","_EventCurrencySymbol":"\u20ac","_EventCurrencyCode":"","_EventCurrencyPosition":"prefix","_EventDateTimeSeparator":" ","_EventTimeRangeSeparator":" - ","_EventOrganizerID":[],"_EventVenueID":[],"_OrganizerEmail":"","_OrganizerPhone":"","_OrganizerWebsite":"","_VenueAddress":"","_VenueCity":"","_VenueCountry":"","_VenueProvince":"","_VenueState":"","_VenueZip":"","_VenuePhone":"","_VenueURL":"","_VenueStateProvince":"","_VenueLat":"","_VenueLng":"","_VenueShowMap":false,"_VenueShowMapLink":false,"_tribe_events_status":"","_tribe_events_status_reason":""},"tags":[],"tribe_events_cat":[],"_links":{"self":[{"href":"https:\/\/www.bivouactrek.fr\/public_html\/wp-json\/wp\/v2\/tribe_events\/601"}],"collection":[{"href":"https:\/\/www.bivouactrek.fr\/public_html\/wp-json\/wp\/v2\/tribe_events"}],"about":[{"href":"https:\/\/www.bivouactrek.fr\/public_html\/wp-json\/wp\/v2\/types\/tribe_events"}],"author":[{"embeddable":true,"href":"https:\/\/www.bivouactrek.fr\/public_html\/wp-json\/wp\/v2\/users\/1"}],"replies":[{"embeddable":true,"href":"https:\/\/www.bivouactrek.fr\/public_html\/wp-json\/wp\/v2\/comments?post=601"}],"version-history":[{"count":4,"href":"https:\/\/www.bivouactrek.fr\/public_html\/wp-json\/wp\/v2\/tribe_events\/601\/revisions"}],"predecessor-version":[{"id":782,"href":"https:\/\/www.bivouactrek.fr\/public_html\/wp-json\/wp\/v2\/tribe_events\/601\/revisions\/782"}],"wp:featuredmedia":[{"embeddable":true,"href":"https:\/\/www.bivouactrek.fr\/public_html\/wp-json\/wp\/v2\/media\/596"}],"wp:attachment":[{"href":"https:\/\/www.bivouactrek.fr\/public_html\/wp-json\/wp\/v2\/media?parent=601"}],"wp:term":[{"taxonomy":"post_tag","embeddable":true,"href":"https:\/\/www.bivouactrek.fr\/public_html\/wp-json\/wp\/v2\/tags?post=601"},{"taxonomy":"tribe_events_cat","embeddable":true,"href":"https:\/\/www.bivouactrek.fr\/public_html\/wp-json\/wp\/v2\/tribe_events_cat?post=601"}],"curies":[{"name":"wp","href":"https:\/\/api.w.org\/{rel}","templated":true}]}}

<div  class="tribe-events-schedule tribe-clearfix" >
	<h2 class="tribe-events-schedule__datetime">
		<span class="tribe-events-schedule__date tribe-events-schedule__date--start">
			mars 14, 2025		</span>

		
									<span class="tribe-events-schedule__separator tribe-events-schedule__separator--time">
					 &#8211; 				</span>
			
							<span class="tribe-events-schedule__date tribe-events-schedule__date--end">
					mars 16, 2025				</span>

				
			
						</h2>
</div>



<p>Deux des plus belles randonnées face au Mont Blanc.</p>



<p>Hébergement en demi-pension. Dîner spécialités savoyardes.</p>



<p>Pique-niques régionaux</p>



<p>Prêt du matériel inclus</p>


<p><!--EndFragment--></p>

<p>Deux des plus belles randonnées face au Mont Blanc. Hébergement en demi-pension. Dîner spécialités savoyardes. Pique-niques régionaux Prêt du matériel inclus</p>
