{"id":441,"date":"2019-11-09T18:14:09","date_gmt":"2019-11-09T17:14:09","guid":{"rendered":"https:\/\/www.bivouactrek.fr\/public_html\/?post_type=tribe_events&#038;p=441"},"modified":"2025-10-27T10:36:18","modified_gmt":"2025-10-27T09:36:18","slug":"grand-paradis-3","status":"publish","type":"tribe_events","link":"https:\/\/www.bivouactrek.fr\/public_html\/calendrier\/grand-paradis-3\/","title":{"rendered":"Grand Paradis"},"content":{"rendered":"\n<h2 class=\"wp-block-heading\">Ascension du sommet \u00e0 4061m<\/h2>\n\n\n<div  class=\"tribe-events-schedule tribe-clearfix\" >\n\t<h2 class=\"tribe-events-schedule__datetime\">\n\t\t<span class=\"tribe-events-schedule__date tribe-events-schedule__date--start\">\n\t\t\tjuillet 25\t\t<\/span>\n\n\t\t\n\t\t\t\t\t\t\t\t\t<span class=\"tribe-events-schedule__separator tribe-events-schedule__separator--time\">\n\t\t\t\t\t &#8211; \t\t\t\t<\/span>\n\t\t\t\n\t\t\t\t\t\t\t<span class=\"tribe-events-schedule__date tribe-events-schedule__date--end\">\n\t\t\t\t\tjuillet 31\t\t\t\t<\/span>\n\n\t\t\t\t\n\t\t\t\n\t\t\t\t\t\t<\/h2>\n<\/div>\n\n\n\n<figure class=\"wp-block-image\"><img loading=\"lazy\" decoding=\"async\" width=\"600\" height=\"450\" src=\"https:\/\/www.bivouactrek.fr\/public_html\/wp-content\/uploads\/2019\/04\/5-Grand-paradis.jpg\" alt=\"\" class=\"wp-image-48\" srcset=\"https:\/\/www.bivouactrek.fr\/public_html\/wp-content\/uploads\/2019\/04\/5-Grand-paradis.jpg 600w, https:\/\/www.bivouactrek.fr\/public_html\/wp-content\/uploads\/2019\/04\/5-Grand-paradis-300x225.jpg 300w\" sizes=\"(max-width: 600px) 100vw, 600px\" \/><\/figure>\n\n\n\n<p>Un des plus beaux treks des Alpes dans le parc national italien du Grand Paradis. Un s\u00e9jour sauvage et authentique.<\/p>\n\n\n\n<p>Les refuges en demi-pension dans une ambiance italienne et des pique-niques compos\u00e9s de produits r\u00e9gionaux.<\/p>\n\n\n\n<p>Des beaux objectifs chaque jour avec des cols et sommets \u00e0 plus de 3000m d&rsquo;altitude.<\/p>\n\n\n\n<p>L&rsquo;ascension du sommet du Grand Paradis \u00e0 4061m encord\u00e9 avec un guide de haute montagne, un des 4000 parmi les plus accessible des Alpes.<\/p>\n\n\n\n<p>Une pr\u00e9paration et une acclimatation id\u00e9ale pour r\u00e9aliser son premier 4000.<\/p>\n\n\n<div  class=\"tribe-block tribe-block__event-price\" >\n\t\t\t<span class=\"tribe-block__event-price__cost\"> \u20ac1150 <\/span>\n\t\t<\/div>\n\n\n\n\n<div  class=\"tribe-block tribe-block__venue tribe-clearfix\" >\n\t\n\t\t\n\t<\/div>\n\n\n\n\n\t<div  class=\"tribe-block tribe-block__events-link\" >\n\t\t<div class=\"tribe-events tribe-common\">\n\t\t\t<div class=\"tribe-events-c-subscribe-dropdown__container\">\n\t\t\t\t<div class=\"tribe-events-c-subscribe-dropdown\">\n\t\t\t\t\t<div class=\"tribe-common-c-btn-border tribe-events-c-subscribe-dropdown__button\">\n\t\t\t\t\t\t<svg  class=\"tribe-common-c-svgicon tribe-common-c-svgicon--cal-export tribe-events-c-subscribe-dropdown__export-icon\"  viewBox=\"0 0 23 17\" xmlns=\"http:\/\/www.w3.org\/2000\/svg\">\n  <path fill-rule=\"evenodd\" clip-rule=\"evenodd\" d=\"M.128.896V16.13c0 .211.145.383.323.383h15.354c.179 0 .323-.172.323-.383V.896c0-.212-.144-.383-.323-.383H.451C.273.513.128.684.128.896Zm16 6.742h-.901V4.679H1.009v10.729h14.218v-3.336h.901V7.638ZM1.01 1.614h14.218v2.058H1.009V1.614Z\" \/>\n  <path d=\"M20.5 9.846H8.312M18.524 6.953l2.89 2.909-2.855 2.855\" stroke-width=\"1.2\" stroke-linecap=\"round\" stroke-linejoin=\"round\"\/>\n<\/svg>\n\t\t\t\t\t\t<button\n\t\t\t\t\t\t\tclass=\"tribe-events-c-subscribe-dropdown__button-text\"\n\t\t\t\t\t\t\taria-expanded=\"false\"\n\t\t\t\t\t\t\taria-controls=\"tribe-events-subscribe-dropdown-content\"\n\t\t\t\t\t\t\taria-label=\"\"\n\t\t\t\t\t\t>\n\t\t\t\t\t\t\tAjouter au calendrier\t\t\t\t\t\t<\/button>\n\t\t\t\t\t\t<svg  class=\"tribe-common-c-svgicon tribe-common-c-svgicon--caret-down tribe-events-c-subscribe-dropdown__button-icon\"  viewBox=\"0 0 10 7\" xmlns=\"http:\/\/www.w3.org\/2000\/svg\"><path fill-rule=\"evenodd\" clip-rule=\"evenodd\" d=\"M1.008.609L5 4.6 8.992.61l.958.958L5 6.517.05 1.566l.958-.958z\" class=\"tribe-common-c-svgicon__svg-fill\"\/><\/svg>\n\t\t\t\t\t<\/div>\n\t\t\t\t\t<div id=\"tribe-events-subscribe-dropdown-content\" class=\"tribe-events-c-subscribe-dropdown__content\">\n\t\t\t\t\t\t<ul class=\"tribe-events-c-subscribe-dropdown__list\">\n\t\t\t\t\t\t\t\t\t\t\t\t\t\t\t<li class=\"tribe-events-c-subscribe-dropdown__list-item\">\n\t\t\t\t\t\t\t\t\t<a\n\t\t\t\t\t\t\t\t\t\thref=\"https:\/\/www.google.com\/calendar\/event?action=TEMPLATE&#038;dates=20260725T000000\/20260731T235959&#038;text=Grand%20Paradis&#038;details=%3C%21--+wp%3Aheading+--%3E%3Ch2+class%3D%22wp-block-heading%22%3EAscension+du+sommet+%C3%A0+4061m%3C%2Fh2%3E%3C%21--+%2Fwp%3Aheading+--%3E%3C%21--+wp%3Atribe%2Fevent-datetime+%2F--%3E%3C%21--+wp%3Aimage+%7B%22id%22%3A48%7D+--%3E%3Cfigure+class%3D%22wp-block-image%22%3E%3Cimg+src%3D%22https%3A%2F%2Fwww.bivouactrek.fr%2Fpublic_html%2Fwp-content%2Fuploads%2F2019%2F04%2F5-Grand-paradis.jpg%22+alt%3D%22%22+class%3D%22wp-image-48%22%2F%3E%3C%2Ffigure%3E%3C%21--+%2Fwp%3Aimage+--%3E%3C%21--+wp%3Aparagraph+%7B%22placeholder%22%3A%22Ajouter+une+description...%22%7D+--%3E%3Cp%3EUn+des+plus+beaux+treks+des+Alpes+dans+le+parc+national+italien+du+Grand+Paradis.+Un+s%C3%A9jour+sauvage+et+authentique.%3C%2Fp%3E%3C%21--+%2Fwp%3Aparagraph+--%3E%3C%21--+wp%3Aparagraph+--%3E%3Cp%3ELes+refuges+en+demi-pension+dans+une+ambiance+italienne+et+des+pique-niques+compos%C3%A9s+de+produits+r%C3%A9gionaux.%3C%2Fp%3E%3C%21--+%2Fwp%3Aparagraph+--%3E%3C%21--+w(Voir%20toute%20la%20description%20de%20\u00e9v\u00e8nement%20ici\u00a0:%20https:\/\/www.bivouactrek.fr\/public_html\/calendrier\/grand-paradis-3\/)&#038;trp=false&#038;ctz=Europe\/Paris&#038;sprop=website:https:\/\/www.bivouactrek.fr\/public_html\"\n\t\t\t\t\t\t\t\t\t\tclass=\"tribe-events-c-subscribe-dropdown__list-item-link\"\n\t\t\t\t\t\t\t\t\t\ttarget=\"_blank\"\n\t\t\t\t\t\t\t\t\t\trel=\"noopener noreferrer nofollow noindex\"\n\t\t\t\t\t\t\t\t\t>\n\t\t\t\t\t\t\t\t\t\tGoogle Agenda\t\t\t\t\t\t\t\t\t<\/a>\n\t\t\t\t\t\t\t\t<\/li>\n\t\t\t\t\t\t\t\t\t\t\t\t\t\t\t<li class=\"tribe-events-c-subscribe-dropdown__list-item\">\n\t\t\t\t\t\t\t\t\t<a\n\t\t\t\t\t\t\t\t\t\thref=\"\"\n\t\t\t\t\t\t\t\t\t\tclass=\"tribe-events-c-subscribe-dropdown__list-item-link\"\n\t\t\t\t\t\t\t\t\t\ttarget=\"_blank\"\n\t\t\t\t\t\t\t\t\t\trel=\"noopener noreferrer nofollow noindex\"\n\t\t\t\t\t\t\t\t\t>\n\t\t\t\t\t\t\t\t\t\tiCalendar\t\t\t\t\t\t\t\t\t<\/a>\n\t\t\t\t\t\t\t\t<\/li>\n\t\t\t\t\t\t\t\t\t\t\t\t\t\t\t<li class=\"tribe-events-c-subscribe-dropdown__list-item\">\n\t\t\t\t\t\t\t\t\t<a\n\t\t\t\t\t\t\t\t\t\thref=\"\"\n\t\t\t\t\t\t\t\t\t\tclass=\"tribe-events-c-subscribe-dropdown__list-item-link\"\n\t\t\t\t\t\t\t\t\t\ttarget=\"_blank\"\n\t\t\t\t\t\t\t\t\t\trel=\"noopener noreferrer nofollow noindex\"\n\t\t\t\t\t\t\t\t\t>\n\t\t\t\t\t\t\t\t\t\tOutlook 365\t\t\t\t\t\t\t\t\t<\/a>\n\t\t\t\t\t\t\t\t<\/li>\n\t\t\t\t\t\t\t\t\t\t\t\t\t\t\t<li class=\"tribe-events-c-subscribe-dropdown__list-item\">\n\t\t\t\t\t\t\t\t\t<a\n\t\t\t\t\t\t\t\t\t\thref=\"\"\n\t\t\t\t\t\t\t\t\t\tclass=\"tribe-events-c-subscribe-dropdown__list-item-link\"\n\t\t\t\t\t\t\t\t\t\ttarget=\"_blank\"\n\t\t\t\t\t\t\t\t\t\trel=\"noopener noreferrer nofollow noindex\"\n\t\t\t\t\t\t\t\t\t>\n\t\t\t\t\t\t\t\t\t\tOutlook Live\t\t\t\t\t\t\t\t\t<\/a>\n\t\t\t\t\t\t\t\t<\/li>\n\t\t\t\t\t\t\t\t\t\t\t\t\t<\/ul>\n\t\t\t\t\t<\/div>\n\t\t\t\t<\/div>\n\t\t\t<\/div>\n\t\t<\/div>\n\t<\/div>\n\n","protected":false},"excerpt":{"rendered":"<p>Ascension du sommet \u00e0 4061m Un des plus beaux treks des Alpes dans le parc national italien du Grand Paradis. Un s\u00e9jour sauvage et authentique. Les refuges en demi-pension dans une ambiance italienne et des pique-niques compos\u00e9s de produits r\u00e9gionaux. Des beaux objectifs chaque jour avec des cols et sommets \u00e0 plus de 3000m d&rsquo;altitude. L&rsquo;ascension du sommet du Grand Paradis \u00e0 4061m encord\u00e9 avec un guide de haute montagne, un des 4000 parmi les plus accessible des Alpes. Une pr\u00e9paration et une acclimatation id\u00e9ale pour r\u00e9aliser son premier 4000.<\/p>\n","protected":false},"author":1,"featured_media":48,"comment_status":"open","ping_status":"closed","template":"","meta":{"_EventAllDay":true,"_EventTimezone":"Europe\/Paris","_EventStartDate":"2026-07-25 00:00:00","_EventEndDate":"2026-07-31 23:59:59","_EventStartDateUTC":"2026-07-24 22:00:00","_EventEndDateUTC":"2026-07-31 21:59:59","_EventShowMap":false,"_EventShowMapLink":false,"_EventURL":"","_EventCost":"1150","_EventCostDescription":"","_EventCurrencySymbol":"\u20ac","_EventCurrencyCode":"","_EventCurrencyPosition":"prefix","_EventDateTimeSeparator":" ","_EventTimeRangeSeparator":" - ","_EventOrganizerID":[],"_EventVenueID":[],"_OrganizerEmail":"","_OrganizerPhone":"","_OrganizerWebsite":"","_VenueAddress":"","_VenueCity":"","_VenueCountry":"","_VenueProvince":"","_VenueState":"","_VenueZip":"","_VenuePhone":"","_VenueURL":"","_VenueStateProvince":"","_VenueLat":"","_VenueLng":"","_VenueShowMap":false,"_VenueShowMapLink":false,"_tribe_events_status":"","_tribe_events_status_reason":""},"tags":[],"tribe_events_cat":[20],"_links":{"self":[{"href":"https:\/\/www.bivouactrek.fr\/public_html\/wp-json\/wp\/v2\/tribe_events\/441"}],"collection":[{"href":"https:\/\/www.bivouactrek.fr\/public_html\/wp-json\/wp\/v2\/tribe_events"}],"about":[{"href":"https:\/\/www.bivouactrek.fr\/public_html\/wp-json\/wp\/v2\/types\/tribe_events"}],"author":[{"embeddable":true,"href":"https:\/\/www.bivouactrek.fr\/public_html\/wp-json\/wp\/v2\/users\/1"}],"replies":[{"embeddable":true,"href":"https:\/\/www.bivouactrek.fr\/public_html\/wp-json\/wp\/v2\/comments?post=441"}],"version-history":[{"count":4,"href":"https:\/\/www.bivouactrek.fr\/public_html\/wp-json\/wp\/v2\/tribe_events\/441\/revisions"}],"predecessor-version":[{"id":785,"href":"https:\/\/www.bivouactrek.fr\/public_html\/wp-json\/wp\/v2\/tribe_events\/441\/revisions\/785"}],"wp:featuredmedia":[{"embeddable":true,"href":"https:\/\/www.bivouactrek.fr\/public_html\/wp-json\/wp\/v2\/media\/48"}],"wp:attachment":[{"href":"https:\/\/www.bivouactrek.fr\/public_html\/wp-json\/wp\/v2\/media?parent=441"}],"wp:term":[{"taxonomy":"post_tag","embeddable":true,"href":"https:\/\/www.bivouactrek.fr\/public_html\/wp-json\/wp\/v2\/tags?post=441"},{"taxonomy":"tribe_events_cat","embeddable":true,"href":"https:\/\/www.bivouactrek.fr\/public_html\/wp-json\/wp\/v2\/tribe_events_cat?post=441"}],"curies":[{"name":"wp","href":"https:\/\/api.w.org\/{rel}","templated":true}]}}

<h2 class="wp-block-heading">Ascension du sommet à 4061m</h2>


<div  class="tribe-events-schedule tribe-clearfix" >
	<h2 class="tribe-events-schedule__datetime">
		<span class="tribe-events-schedule__date tribe-events-schedule__date--start">
			juillet 25		</span>

		
									<span class="tribe-events-schedule__separator tribe-events-schedule__separator--time">
					 &#8211; 				</span>
			
							<span class="tribe-events-schedule__date tribe-events-schedule__date--end">
					juillet 31				</span>

				
			
						</h2>
</div>



<figure class="wp-block-image"><img loading="lazy" decoding="async" width="600" height="450" src="https://www.bivouactrek.fr/public_html/wp-content/uploads/2019/04/5-Grand-paradis.jpg" alt="" class="wp-image-48" srcset="https://www.bivouactrek.fr/public_html/wp-content/uploads/2019/04/5-Grand-paradis.jpg 600w, https://www.bivouactrek.fr/public_html/wp-content/uploads/2019/04/5-Grand-paradis-300x225.jpg 300w" sizes="(max-width: 600px) 100vw, 600px" /></figure>



<p>Un des plus beaux treks des Alpes dans le parc national italien du Grand Paradis. Un séjour sauvage et authentique.</p>



<p>Les refuges en demi-pension dans une ambiance italienne et des pique-niques composés de produits régionaux.</p>



<p>Des beaux objectifs chaque jour avec des cols et sommets à plus de 3000m d&rsquo;altitude.</p>



<p>L&rsquo;ascension du sommet du Grand Paradis à 4061m encordé avec un guide de haute montagne, un des 4000 parmi les plus accessible des Alpes.</p>



<p>Une préparation et une acclimatation idéale pour réaliser son premier 4000.</p>


<div  class="tribe-block tribe-block__event-price" >
			<span class="tribe-block__event-price__cost"> €1150 </span>
		</div>




<div  class="tribe-block tribe-block__venue tribe-clearfix" >
	
		
	</div>




	<div  class="tribe-block tribe-block__events-link" >
		<div class="tribe-events tribe-common">
			<div class="tribe-events-c-subscribe-dropdown__container">
				<div class="tribe-events-c-subscribe-dropdown">
					<div class="tribe-common-c-btn-border tribe-events-c-subscribe-dropdown__button">
						<svg  class="tribe-common-c-svgicon tribe-common-c-svgicon--cal-export tribe-events-c-subscribe-dropdown__export-icon"  viewBox="0 0 23 17" xmlns="http://www.w3.org/2000/svg">
  <path fill-rule="evenodd" clip-rule="evenodd" d="M.128.896V16.13c0 .211.145.383.323.383h15.354c.179 0 .323-.172.323-.383V.896c0-.212-.144-.383-.323-.383H.451C.273.513.128.684.128.896Zm16 6.742h-.901V4.679H1.009v10.729h14.218v-3.336h.901V7.638ZM1.01 1.614h14.218v2.058H1.009V1.614Z" />
  <path d="M20.5 9.846H8.312M18.524 6.953l2.89 2.909-2.855 2.855" stroke-width="1.2" stroke-linecap="round" stroke-linejoin="round"/>
</svg>
						<button
							class="tribe-events-c-subscribe-dropdown__button-text"
							aria-expanded="false"
							aria-controls="tribe-events-subscribe-dropdown-content"
							aria-label=""
						>
							Ajouter au calendrier						</button>
						<svg  class="tribe-common-c-svgicon tribe-common-c-svgicon--caret-down tribe-events-c-subscribe-dropdown__button-icon"  viewBox="0 0 10 7" xmlns="http://www.w3.org/2000/svg"><path fill-rule="evenodd" clip-rule="evenodd" d="M1.008.609L5 4.6 8.992.61l.958.958L5 6.517.05 1.566l.958-.958z" class="tribe-common-c-svgicon__svg-fill"/></svg>
					</div>
					<div id="tribe-events-subscribe-dropdown-content" class="tribe-events-c-subscribe-dropdown__content">
						<ul class="tribe-events-c-subscribe-dropdown__list">
															<li class="tribe-events-c-subscribe-dropdown__list-item">
									<a
										href="https://www.google.com/calendar/event?action=TEMPLATE&#038;dates=20260725T000000/20260731T235959&#038;text=Grand%20Paradis&#038;details=%3C%21--+wp%3Aheading+--%3E%3Ch2+class%3D%22wp-block-heading%22%3EAscension+du+sommet+%C3%A0+4061m%3C%2Fh2%3E%3C%21--+%2Fwp%3Aheading+--%3E%3C%21--+wp%3Atribe%2Fevent-datetime+%2F--%3E%3C%21--+wp%3Aimage+%7B%22id%22%3A48%7D+--%3E%3Cfigure+class%3D%22wp-block-image%22%3E%3Cimg+src%3D%22https%3A%2F%2Fwww.bivouactrek.fr%2Fpublic_html%2Fwp-content%2Fuploads%2F2019%2F04%2F5-Grand-paradis.jpg%22+alt%3D%22%22+class%3D%22wp-image-48%22%2F%3E%3C%2Ffigure%3E%3C%21--+%2Fwp%3Aimage+--%3E%3C%21--+wp%3Aparagraph+%7B%22placeholder%22%3A%22Ajouter+une+description...%22%7D+--%3E%3Cp%3EUn+des+plus+beaux+treks+des+Alpes+dans+le+parc+national+italien+du+Grand+Paradis.+Un+s%C3%A9jour+sauvage+et+authentique.%3C%2Fp%3E%3C%21--+%2Fwp%3Aparagraph+--%3E%3C%21--+wp%3Aparagraph+--%3E%3Cp%3ELes+refuges+en+demi-pension+dans+une+ambiance+italienne+et+des+pique-niques+compos%C3%A9s+de+produits+r%C3%A9gionaux.%3C%2Fp%3E%3C%21--+%2Fwp%3Aparagraph+--%3E%3C%21--+w(Voir%20toute%20la%20description%20de%20évènement%20ici :%20https://www.bivouactrek.fr/public_html/calendrier/grand-paradis-3/)&#038;trp=false&#038;ctz=Europe/Paris&#038;sprop=website:https://www.bivouactrek.fr/public_html"
										class="tribe-events-c-subscribe-dropdown__list-item-link"
										target="_blank"
										rel="noopener noreferrer nofollow noindex"
									>
										Google Agenda									</a>
								</li>
															<li class="tribe-events-c-subscribe-dropdown__list-item">
									<a
										href=""
										class="tribe-events-c-subscribe-dropdown__list-item-link"
										target="_blank"
										rel="noopener noreferrer nofollow noindex"
									>
										iCalendar									</a>
								</li>
															<li class="tribe-events-c-subscribe-dropdown__list-item">
									<a
										href=""
										class="tribe-events-c-subscribe-dropdown__list-item-link"
										target="_blank"
										rel="noopener noreferrer nofollow noindex"
									>
										Outlook 365									</a>
								</li>
															<li class="tribe-events-c-subscribe-dropdown__list-item">
									<a
										href=""
										class="tribe-events-c-subscribe-dropdown__list-item-link"
										target="_blank"
										rel="noopener noreferrer nofollow noindex"
									>
										Outlook Live									</a>
								</li>
													</ul>
					</div>
				</div>
			</div>
		</div>
	</div>

<p>Ascension du sommet à 4061m Un des plus beaux treks des Alpes dans le parc national italien du Grand Paradis. Un séjour sauvage et authentique. Les refuges en demi-pension dans une ambiance italienne et des pique-niques composés de produits régionaux. Des beaux objectifs chaque jour avec des cols et sommets à plus de 3000m d&rsquo;altitude. L&rsquo;ascension du sommet du Grand Paradis à 4061m encordé avec un guide de haute montagne, un des 4000 parmi les plus accessible des Alpes. Une préparation et une acclimatation idéale pour réaliser son premier 4000.</p>
