{"id":12,"date":"2019-04-29T09:29:28","date_gmt":"2019-04-29T09:29:28","guid":{"rendered":"https:\/\/www.bivouactrek.fr\/public_html\/?page_id=12"},"modified":"2020-03-22T10:35:21","modified_gmt":"2020-03-22T09:35:21","slug":"qui-sommes-nous","status":"publish","type":"page","link":"https:\/\/www.bivouactrek.fr\/public_html\/qui-sommes-nous\/","title":{"rendered":"A propos"},"content":{"rendered":"\n<p><\/p>\n\n\n\n<p style=\"text-align:left\" class=\"has-medium-font-size\">Bivouac Trek est bas\u00e9 au pied du Mont Blanc, dans un village de montagne, non loin de Chamonix, et vous propose de partir \u00e0 l&rsquo;aventure, en trekking, ici ou ailleurs selon votre niveau et vos envies.<\/p>\n\n\n\n<p><\/p>\n\n\n\n<div class=\"wp-block-image\"><figure class=\"aligncenter\"><img loading=\"lazy\" decoding=\"async\" width=\"640\" height=\"359\" src=\"https:\/\/www.bivouactrek.fr\/public_html\/wp-content\/uploads\/2019\/04\/YG-accompagnateur-copie.png\" alt=\"\" class=\"wp-image-203\" srcset=\"https:\/\/www.bivouactrek.fr\/public_html\/wp-content\/uploads\/2019\/04\/YG-accompagnateur-copie.png 640w, https:\/\/www.bivouactrek.fr\/public_html\/wp-content\/uploads\/2019\/04\/YG-accompagnateur-copie-300x168.png 300w\" sizes=\"(max-width: 640px) 100vw, 640px\" \/><\/figure><\/div>\n\n\n\n<blockquote style=\"text-align:center\" class=\"wp-block-quote is-style-large\"><p>\u00ab\u00a0Ma passion est la montagne, la partager est mon m\u00e9tier.\u00a0\u00bb<\/p><p><\/p><\/blockquote>\n\n\n\n<p><\/p>\n\n\n\n<p style=\"text-align:left\" class=\"has-medium-font-size\">Yoann Gautheron, accompagnateur en montagne, je vous emm\u00e8ne dans des aventures sur-mesure en refuge, g\u00eete ou bivouac.<\/p>\n\n\n\n<p class=\"has-medium-font-size\">Passionn\u00e9 de montagne, je partage avec vous le plaisir d&rsquo;\u00eatre en pleine nature, l&rsquo;occasion de d\u00e9couvrir ou red\u00e9couvrir nos montagnes, la richesse de la faune, la flore et les particularit\u00e9s des paysages qui nous entourent.<\/p>\n","protected":false},"excerpt":{"rendered":"<p>Bivouac Trek est bas\u00e9 au pied du Mont Blanc, dans un village de montagne, non loin de Chamonix, et vous propose de partir \u00e0 l&rsquo;aventure, en trekking, ici ou ailleurs selon votre niveau et vos envies. \u00ab\u00a0Ma passion est la montagne, la partager est mon m\u00e9tier.\u00a0\u00bb Yoann Gautheron, accompagnateur en montagne, je vous emm\u00e8ne dans des aventures sur-mesure en refuge, g\u00eete ou bivouac. Passionn\u00e9 de montagne, je partage avec vous le plaisir d&rsquo;\u00eatre en pleine nature, l&rsquo;occasion de d\u00e9couvrir ou red\u00e9couvrir nos montagnes, la richesse de la faune, la flore et les particularit\u00e9s des paysages qui nous entourent.<\/p>\n","protected":false},"author":1,"featured_media":0,"parent":0,"menu_order":0,"comment_status":"closed","ping_status":"closed","template":"","meta":{"_EventAllDay":false,"_EventTimezone":"","_EventStartDate":"","_EventEndDate":"","_EventStartDateUTC":"","_EventEndDateUTC":"","_EventShowMap":false,"_EventShowMapLink":false,"_EventURL":"","_EventCost":"","_EventCostDescription":"","_EventCurrencySymbol":"","_EventCurrencyCode":"","_EventCurrencyPosition":"","_EventDateTimeSeparator":"","_EventTimeRangeSeparator":"","_EventOrganizerID":[],"_EventVenueID":[],"_OrganizerEmail":"","_OrganizerPhone":"","_OrganizerWebsite":"","_VenueAddress":"","_VenueCity":"","_VenueCountry":"","_VenueProvince":"","_VenueState":"","_VenueZip":"","_VenuePhone":"","_VenueURL":"","_VenueStateProvince":"","_VenueLat":"","_VenueLng":"","_VenueShowMap":false,"_VenueShowMapLink":false,"footnotes":""},"_links":{"self":[{"href":"https:\/\/www.bivouactrek.fr\/public_html\/wp-json\/wp\/v2\/pages\/12"}],"collection":[{"href":"https:\/\/www.bivouactrek.fr\/public_html\/wp-json\/wp\/v2\/pages"}],"about":[{"href":"https:\/\/www.bivouactrek.fr\/public_html\/wp-json\/wp\/v2\/types\/page"}],"author":[{"embeddable":true,"href":"https:\/\/www.bivouactrek.fr\/public_html\/wp-json\/wp\/v2\/users\/1"}],"replies":[{"embeddable":true,"href":"https:\/\/www.bivouactrek.fr\/public_html\/wp-json\/wp\/v2\/comments?post=12"}],"version-history":[{"count":17,"href":"https:\/\/www.bivouactrek.fr\/public_html\/wp-json\/wp\/v2\/pages\/12\/revisions"}],"predecessor-version":[{"id":547,"href":"https:\/\/www.bivouactrek.fr\/public_html\/wp-json\/wp\/v2\/pages\/12\/revisions\/547"}],"wp:attachment":[{"href":"https:\/\/www.bivouactrek.fr\/public_html\/wp-json\/wp\/v2\/media?parent=12"}],"curies":[{"name":"wp","href":"https:\/\/api.w.org\/{rel}","templated":true}]}}